{"id":92,"date":"2016-04-01T15:34:48","date_gmt":"2016-04-01T15:34:48","guid":{"rendered":"http:\/\/globalekonomi.se\/?page_id=92"},"modified":"2016-04-02T13:10:09","modified_gmt":"2016-04-02T13:10:09","slug":"demokrati-och-konflikt","status":"publish","type":"page","link":"https:\/\/globalekonomi.se\/?page_id=92","title":{"rendered":"Demokrati och konflikt"},"content":{"rendered":"<p>H\u00e4r ges m\u00f6jlighet att ladda ned ett av bokens kapitel som handlar om relationen mellan demokrati, konflikter och ekonomisk utveckling.<\/p>\n<p>Hur viktig \u00e4r egentlig demokrati f\u00f6r ekonomisk tillv\u00e4xt? \u00c4r det alltid s\u00e5 att demokratiska l\u00e4nder v\u00e4xer snabbare \u00e4n l\u00e4nder som inte \u00e4r demokratiska? I kapitlet diskuteras ocks\u00e5 vad det \u00e4r som g\u00f6r att i vissa l\u00e4nder konsolideras demokratin medan andra l\u00e4nder f\u00f6rblir icke-demokratiska.\u00a0Vilken roll spelar bristen p\u00e5 statlig kapacitet f\u00f6r att l\u00e4nder f\u00f6rblir fattiga? Leder ekonomisk utveckling automatiskt till att ett land \u00f6verg\u00e5r fr\u00e5n diktatur till demokrati? Vilken \u00e4r relationen mellan statlig kapacitet och krig med andra l\u00e4nder respektive inb\u00f6rdeskrig? Slutligen ska vi analysera vilken roll etnisk diskriminering och etniska konflikter kan spela f\u00f6r att bromsa ekonomisk utveckling.<\/p>\n<p>H\u00e4r finns kapitel 24 f\u00f6r nedladdning:<\/p>\n<p><a href=\"http:\/\/globalekonomi.se\/wp-content\/uploads\/2016\/04\/Kapitel-24.pdf\">Kapitel 24<\/a><\/p>\n","protected":false},"excerpt":{"rendered":"<p>H\u00e4r ges m\u00f6jlighet att ladda ned ett av bokens kapitel som handlar om relationen mellan demokrati, konflikter och ekonomisk utveckling. Hur viktig \u00e4r egentlig demokrati f\u00f6r ekonomisk tillv\u00e4xt? \u00c4r det alltid s\u00e5 att demokratiska l\u00e4nder v\u00e4xer snabbare \u00e4n l\u00e4nder som<span class=\"ellipsis\">&hellip;<\/span><\/p>\n<div class=\"read-more\"><a href=\"https:\/\/globalekonomi.se\/?page_id=92\">Read more &#8250;<\/a><\/div>\n<p><!-- end of .read-more --><\/p>\n","protected":false},"author":1,"featured_media":0,"parent":0,"menu_order":0,"comment_status":"closed","ping_status":"closed","template":"full-width-page.php","meta":[],"_links":{"self":[{"href":"https:\/\/globalekonomi.se\/index.php?rest_route=\/wp\/v2\/pages\/92"}],"collection":[{"href":"https:\/\/globalekonomi.se\/index.php?rest_route=\/wp\/v2\/pages"}],"about":[{"href":"https:\/\/globalekonomi.se\/index.php?rest_route=\/wp\/v2\/types\/page"}],"author":[{"embeddable":true,"href":"https:\/\/globalekonomi.se\/index.php?rest_route=\/wp\/v2\/users\/1"}],"replies":[{"embeddable":true,"href":"https:\/\/globalekonomi.se\/index.php?rest_route=%2Fwp%2Fv2%2Fcomments&post=92"}],"version-history":[{"count":3,"href":"https:\/\/globalekonomi.se\/index.php?rest_route=\/wp\/v2\/pages\/92\/revisions"}],"predecessor-version":[{"id":100,"href":"https:\/\/globalekonomi.se\/index.php?rest_route=\/wp\/v2\/pages\/92\/revisions\/100"}],"wp:attachment":[{"href":"https:\/\/globalekonomi.se\/index.php?rest_route=%2Fwp%2Fv2%2Fmedia&parent=92"}],"curies":[{"name":"wp","href":"https:\/\/api.w.org\/{rel}","templated":true}]}}