{"id":2,"date":"2015-01-18T21:21:26","date_gmt":"2015-01-18T21:21:26","guid":{"rendered":"http:\/\/globalekonomi.se\/?page_id=2"},"modified":"2019-01-04T12:48:34","modified_gmt":"2019-01-04T12:48:34","slug":"sample-page","status":"publish","type":"page","link":"https:\/\/globalekonomi.se\/?page_id=2","title":{"rendered":"Claes Berg"},"content":{"rendered":"<p>Claes Berg \u00e4r fil.dr i nationalekonomi och har varit Riksbankens chefekonom samt r\u00e5dgivare \u00e5t riksbankschefen. Han har varit svensk\u00a0representant i den penningpolitiska kommitt\u00e9n i det europeiska centralbankssystemet och konsult \u00e5t centralbanker\u00a0i Asien, Afrika och Latinamerika. Han har\u00a0\u00e4ven varit verksam som l\u00e4rare och bist\u00e5ndskoordinator\u00a0i s\u00f6dra Afrika.<\/p>\n","protected":false},"excerpt":{"rendered":"<p>Claes Berg \u00e4r fil.dr i nationalekonomi och har varit Riksbankens chefekonom samt r\u00e5dgivare \u00e5t riksbankschefen. Han har varit svensk\u00a0representant i den penningpolitiska kommitt\u00e9n i det europeiska centralbankssystemet och konsult \u00e5t centralbanker\u00a0i Asien, Afrika och Latinamerika. Han har\u00a0\u00e4ven varit verksam som<span class=\"ellipsis\">&hellip;<\/span><\/p>\n<div class=\"read-more\"><a href=\"https:\/\/globalekonomi.se\/?page_id=2\">Read more &#8250;<\/a><\/div>\n<p><!-- end of .read-more --><\/p>\n","protected":false},"author":1,"featured_media":0,"parent":0,"menu_order":0,"comment_status":"closed","ping_status":"closed","template":"full-width-page.php","meta":[],"_links":{"self":[{"href":"https:\/\/globalekonomi.se\/index.php?rest_route=\/wp\/v2\/pages\/2"}],"collection":[{"href":"https:\/\/globalekonomi.se\/index.php?rest_route=\/wp\/v2\/pages"}],"about":[{"href":"https:\/\/globalekonomi.se\/index.php?rest_route=\/wp\/v2\/types\/page"}],"author":[{"embeddable":true,"href":"https:\/\/globalekonomi.se\/index.php?rest_route=\/wp\/v2\/users\/1"}],"replies":[{"embeddable":true,"href":"https:\/\/globalekonomi.se\/index.php?rest_route=%2Fwp%2Fv2%2Fcomments&post=2"}],"version-history":[{"count":4,"href":"https:\/\/globalekonomi.se\/index.php?rest_route=\/wp\/v2\/pages\/2\/revisions"}],"predecessor-version":[{"id":119,"href":"https:\/\/globalekonomi.se\/index.php?rest_route=\/wp\/v2\/pages\/2\/revisions\/119"}],"wp:attachment":[{"href":"https:\/\/globalekonomi.se\/index.php?rest_route=%2Fwp%2Fv2%2Fmedia&parent=2"}],"curies":[{"name":"wp","href":"https:\/\/api.w.org\/{rel}","templated":true}]}}